he remainder when o is divided by 2?
1
Suppose 8*q = 456 + 480. What is the remainder when q is divided by 24?
21
Suppose 0 = 4*g + t - 3*t - 18, -t = -3*g + 14. Suppose 0 = -c - 1 + 13. Suppose 6*r = 2*r + c. Calculate the remainder when g is divided by r.
2
Let n be ((-3)/2)/(6/(-8)). Suppose -4*m + n*d + 0 = -2, -4*d = 3*m + 26. Let s(c) = -3*c**3 + 2*c. What is the remainder when s(m) is divided by 7?
6
Let v(p) = -p**3 + 8*p**2 - p + 10. Let z be v(8). Let q = z + 13. What is the remainder when q is divided by (15/2)/5*6?
6
Suppose -4*y + 29 = -3*m, -2*y + y + m = -7. Suppose -f = -3*p + 6, 2*f - 6*f + 4*p = 0. What is the remainder when y is divided by f?
2
Let y = -58 + 76. What is the remainder when 71 is divided by y?
17
Let y = 38 + -23. What is the remainder when 44 is divided by y?
14
Let m = 43 - 15. Let h(p) = 2*p - 16. What is the remainder when m is divided by h(13)?
8
Suppose 3*f = 46 + 2. Suppose o - f = -o. What is the remainder when 23 is divided by o?
7
Suppose -4*j + 2*p + 160 = 0, 162 = 4*j - 7*p + 4*p. Calculate the remainder when j is divided by (-5)/30 - 170/(-12).
11
Suppose 0 = 3*c - 7*c - 12. Let x(y) = -y**3 - 2*y**2 + 3. Let s be x(-3). Calculate the remainder when 31 is divided by 1*(-4)/c*s.
15
Let a(k) = k**2 - k + 6. Let o be a(-6). Suppose 3*g = g + o. What is the remainder when g is divided by 636/48 - (-2)/(-8)?
11
Suppose -3*w + 10 + 14 = 0. Calculate the remainder when w is divided by 2.
0
Suppose -4*i = -7 - 5. Suppose 0 = -8*b + 16 - 0. What is the remainder when i is divided by b?
1
Let g = 17 + -4. Suppose -b - g = 4*q, -b = -3*q + 1 - 16. What is the remainder when (3/2)/(b/16) is divided by 5?
3
Let j(m) = m - 3. Let y be j(3). Suppose 5*d + y*d - 30 = 0. What is the remainder when 10 is divided by d?
4
Suppose -4 = -t + 3*t. What is the remainder when 10 is divided by t - (6*-2)/2?
2
Let a = 13 - -7. What is the remainder when (-1 + 0)*(-76)/2 is divided by a?
18
Suppose 2*c - 1 + 3 = 0. Calculate the remainder when 43 is divided by (-2 - -26) + 0 + c.
20
Let x = 1 - -25. Calculate the remainder when 38 is divided by 5/10*x/1.
12
Let j = 3 - -8. Suppose 4*w + 6 = -4*g + 3*w, 0 = -3*g + 3*w - 12. What is the remainder when (8 + g)*10/3 is divided by j?
9
What is the remainder when 23 is divided by (15/(-20)*1)/(1/(-4))?
2
Suppose 2*h + 100 = 6*h. Suppose 2*w - 18 + 0 = 0. What is the remainder when h is divided by w?
7
Suppose -80 = -5*n - 4*s - 14, 3*s + 31 = 2*n. Suppose 2*y - 6 = 4. Suppose -107 - 23 = -y*u. What is the remainder when u is divided by n?
12
Suppose -5*r + 63 = f, -3*r - 3*f + 35 = -f. Suppose 0 = -5*c + 3*o + 181, -2*c - c - 2*o = -120. Calculate the remainder when c is divided by r.
12
Let c = -10 + 16. Let j = c - -5. Let m(z) = z**3 + 3*z**2 - 6*z - 2. What is the remainder when j is divided by m(-4)?
5
Let f(d) = 4*d**2 - d - 4. Let k be f(-4). Suppose -4*j - k = -4*a, -5*j + 3 + 7 = 0. Suppose 0*n = -n + a. What is the remainder when n is divided by 10?
8
Let s = 4 - 5. Let g be 0 + s + 18/3. Let t = g - 3. What is the remainder when 4 is divided by t?
0
What is the remainder when -3 + 1 + 1 - -17 is divided by -3 + -1 + 15 + -2?
7
Let t = 0 + 19. Let l be (1 - 0)/((-2)/(-10)). Suppose 2*g = -5*d + l*g + 41, 3*g + 11 = 2*d. Calculate the remainder when t is divided by d.
9
Suppose -3*o + 3*l = -39, -l + 18 = 2*o - 5. What is the remainder when o is divided by 10?
2
Let z(h) be the third derivative of h**4/8 - 5*h**3/6 + h**2. Calculate the remainder when (2/3)/(4/144) is divided by z(6).
11
Suppose -101 = -2*g + 71. Suppose 0*a = 2*h - 4*a - g, 0 = 5*h - a - 188. Calculate the remainder when h is divided by 13.
11
Let c = 2 - 13. Let n = 43 + -25. Let d = n + c. Calculate the remainder when 20 is divided by d.
6
Let z(x) = 3*x**2 + 15*x + 22. What is the remainder when z(-6) is divided by 22?
18
Let f(y) = 5*y**3 - 3*y**2 + 4*y - 3. Let r be f(3). Let h = r - 50. Calculate the remainder when h is divided by 17.
16
Let s = 152 + -92. Suppose g = -4*g + s. Calculate the remainder when 33 is divided by g.
9
Suppose 3*h + p - 3*p - 23 = 0, -5*p - 30 = -2*h. What is the remainder when 39 is divided by h?
4
Let b = 74 - 41. What is the remainder when b is divided by 17?
16
Suppose 23 = 2*m + 1. Suppose -m = -p - 0. Suppose -4*s = -t - 85, 2*s = 5*t - 2*t + 45. Calculate the remainder when s is divided by p.
10
What is the remainder when (-3 + (-4)/(-2))*-7 is divided by 4?
3
Suppose -2*w = -c - 18, 2*w + 0*w - 10 = -c. Suppose 21 = t + 2. Calculate the remainder when t is divided by w.
5
Suppose 873 - 183 = -u. Let a = 0 - -16. Calculate the remainder when (4/5)/((-12)/u) is divided by a.
14
Let d be (-2)/10 + (-18)/10. Let g(w) = 2*w**2. Calculate the remainder when 23 is divided by g(d).
7
Let o(l) = -l**3 + 2*l**2 - l - 4. Calculate the remainder when o(-2) is divided by 4.
2
Suppose 856 = 11*x - 3*x. What is the remainder when x is divided by 18?
17
Let d = -6 - -11. Suppose 108 = 3*n - d*x + 43, -4*x + 96 = 5*n. What is the remainder when n is divided by 7?
6
Let v(s) = -s**3 + 9*s**2 - 11*s - 8. Let x(r) = 38*r**2 + r + 1. Calculate the remainder when x(-1) is divided by v(7).
12
Let j be (-1 - -1)*2/(-4). Suppose j*l + l = 8. What is the remainder when l is divided by (-33)/(-6) - 1/2?
3
Suppose -t + 4 = t. Suppose t*w = 4*z - 30, z = -z + 5*w + 35. Calculate the remainder when (9 - (1 + -2)) + -2 is divided by z.
3
Suppose -16 = 3*j - 4*j + 4*h, j = h + 13. What is the remainder when 22 is divided by j?
10
Let v = 10 + -6. Suppose d - 7 = k, -v*d + k = -k - 24. Suppose 0 = 2*f + 2 - 6. Calculate the remainder when d is divided by f.
1
Let m(s) = -4*s**3 - 2*s**2 - 4*s - 3. Suppose -3*d + 4*q = 26 - 0, 0 = -4*d - 5*q + 17. What is the remainder when m(d) is divided by -6*4/(-18)*6?
5
What is the remainder when 114 is divided by 332/14 + -1 + 10/35?
22
Let l = 41 - 22. Suppose -f + c = -37, 3*f + 3*c + 77 = 5*f. Let d = f - l. What is the remainder when d is divided by 8?
7
Let z = -15 + 28. What is the remainder when -8*(-1 - 2) + 0 is divided by z?
11
Suppose -4 - 1 = -k. Let m = -27 - -9. Calculate the remainder when (m/15)/((-6)/40) is divided by k.
3
Let d(i) be the second derivative of -i**4/12 - 5*i**3/6 + 4*i**2 - i. What is the remainder when 2 is divided by d(-6)?
0
Let x(m) = -4*m**2 - 2*m + m + m**3 + 0*m**2 + 5*m. Let t be x(3). Suppose 0 = -5*y + t*y + 14. Calculate the remainder when y is divided by 3.
1
Let n(c) = -c + 1. Suppose 0 = 4*k - k - 3. Calculate the remainder when n(-1) is divided by k.
0
Let n = 221 + -168. Let a = 56 - 38. Calculate the remainder when n is divided by a.
17
What is the remainder when 52 - (0 - 8/4) is divided by 19?
16
Let o = 21 - 0. Calculate the remainder when o is divided by 0 - 2 - -2*4.
3
Suppose -29*d + 238 = -31*d. Calculate the remainder when 39 is divided by (-4)/14 - 1700/d.
11
Suppose 0 = -u + 3 + 3. Let p = 23 + -2. Calculate the remainder when p is divided by u.
3
Let o = -4 + 12. Let b(k) = -3 + k + 1 + 3. What is the remainder when b(o) is divided by 5?
4
Suppose -12 = -o - 0*u - 5*u, -4*u - 31 = -5*o. What is the remainder when 32 is divided by o?
4
Let i = 5 + -3. Suppose a - 4*d - 28 = 0, 8 = -a - i*d - 3*d. What is the remainder when 47 is divided by a?
11
What is the remainder when 80 is divided by (0 + -2 + 3)*27?
26
Let p(o) = 1 - o**2 - 3 + 3*o**2. Calculate the remainder when 16 is divided by p(2).
4
Suppose 0 = 19*h - 18*h - 17. What is the remainder when h is divided by 10?
7
Suppose -5 = -3*s + 1. Suppose -2*z + z - 2 = 4*x, -4*x - 8 = -s*z. What is the remainder when z is divided by 1?
0
Suppose 7 = 2*z + 3. What is the remainder when 22 is divided by (z/4)/(1/12)?
4
Suppose 3*l - 5*j - 5 - 6 = 0, -3*l = -3*j - 9. Suppose 5 + 5 = l*v. Suppose z = -v*b + 130, b - 2*b + 26 = -5*z. What is the remainder when b is divided by 9?
8
Suppose 3*m = -6, 6*m = -2*n + m + 26. Let z(w) = 3*w**2 + 3*w - 1. What is the remainder when z(-4) is divided by n?
17
Let v(q) = -2*q**2 - 10*q + 4. What is the remainder when 9 is divided by v(-5)?
1
Let h(n) = n**3 - 6*n**2 + 6*n. Calculate the remainder when h(6) is divided by 13.
10
What is the remainder when 2 + -3 + 2*9 is divided by 9?
8
Suppose 0*b - 6 = -b. Calcul